What is the thousands digit of 8347?
8
What is the tens digit of 6312?
1
What is the thousands digit of 79249?
9
What is the units digit of 938?
8
What is the units digit of 16634?
4
What is the tens digit of 4508?
0
What is the units digit of 23121?
1
What is the tens digit of 14869?
6
What is the thousands digit of 23257?
3
What is the units digit of 551?
1
What is the units digit of 2159?
9
What is the hundreds digit of 3180?
1
What is the tens digit of 13105?
0
What is the thousands digit of 6423?
6
What is the hundreds digit of 15818?
8
What is the tens digit of 2010?
1
What is the units digit of 7476?
6
What is the tens digit of 8938?
3
What is the units digit of 2255?
5
What is the thousands digit of 9751?
9
What is the units digit of 11278?
8
What is the units digit of 1015?
5
What is the hundreds digit of 841?
8
What is the thousands digit of 4133?
4
What is the ten thousands digit of 112415?
1
What is the hundreds digit of 1104?
1
What is the tens digit of 1945?
4
What is the hundreds digit of 13943?
9
What is the tens digit of 244?
4
What is the hundreds digit of 104?
1
What is the hundreds digit of 2081?
0
What is the thousands digit of 22977?
2
What is the thousands digit of 5177?
5
What is the hundreds digit of 152?
1
What is the thousands digit of 1107?
1
What is the tens digit of 22878?
7
What is the hundreds digit of 2568?
5
What is the units digit of 1945?
5
What is the tens digit of 12087?
8
What is the units digit of 798?
8
What is the thousands digit of 32001?
2
What is the tens digit of 19247?
4
What is the hundreds digit of 762?
7
What is the thousands digit of 6411?
6
What is the thousands digit of 16246?
6
What is the units digit of 2373?
3
What is the tens digit of 65086?
8
What is the hundreds digit of 8843?
8
What is the hundreds digit of 1520?
5
What is the thousands digit of 2126?
2
What is the hundreds digit of 20695?
6
What is the tens digit of 1847?
4
What is the tens digit of 2177?
7
What is the ten thousands digit of 13551?
1
What is the units digit of 1235?
5
What is the tens digit of 15348?
4
What is the thousands digit of 22615?
2
What is the units digit of 13828?
8
What is the tens digit of 1278?
7
What is the hundreds digit of 1848?
8
What is the tens digit of 668?
6
What is the hundreds digit of 6807?
8
What is the tens digit of 12116?
1
What is the units digit of 3935?
5
What is the tens digit of 23037?
3
What is the tens digit of 18?
1
What is the tens digit of 1337?
3
What is the units digit of 349?
9
What is the hundreds digit of 12810?
8
What is the units digit of 33666?
6
What is the tens digit of 101?
0
What is the thousands digit of 3105?
3
What is the thousands digit of 3833?
3
What is the units digit of 1062?
2
What is the units digit of 28594?
4
What is the thousands digit of 60736?
0
What is the tens digit of 3933?
3
What is the ten thousands digit of 26165?
2
What is the hundreds digit of 3649?
6
What is the thousands digit of 10788?
0
What is the thousands digit of 1194?
1
What is the thousands digit of 3820?
3
What is the tens digit of 1048?
4
What is the hundreds digit of 851?
8
What is the units digit of 21237?
7
What is the ten thousands digit of 17482?
1
What is the hundreds digit of 132?
1
What is the thousands digit of 5589?
5
What is the tens digit of 374?
7
What is the tens digit of 3134?
3
What is the thousands digit of 3365?
3
What is the thousands digit of 3826?
3
What is the hundreds digit of 1267?
2
What is the thousands digit of 1002?
1
What is the tens digit of 385?
8
What is the thousands digit of 15822?
5
What is the hundreds digit of 2400?
4
What is the hundreds digit of 677?
6
What is the hundreds digit of 2862?
8
What is the tens digit of 30197?
9
What is the hundreds digit of 1816?
8
What is the units digit of 28690?
0
What is the hundreds digit of 2755?
7
What is the units digit of 1506?
6
What is the hundreds digit of 4235?
2
What is the tens digit of 842?
4
What is the tens digit of 5120?
2
What is the tens digit of 16398?
9
What is the units digit of 57?
7
What is the tens digit of 264?
6
What is the units digit of 199?
9
What is the hundreds digit of 6792?
7
What is the tens digit of 1617?
1
What is the tens digit of 960?
6
What is the thousands digit of 25735?
5
What is the tens digit of 620?
2
What is the units digit of 5516?
6
What is the units digit of 4624?
4
What is the thousands digit of 8234?
8
What is the hundreds digit of 231?
2
What is the units digit of 5727?
7
What is the tens digit of 4540?
4
What is the ten thousands digit of 49355?
4
What is the tens digit of 2295?
9
What is the tens digit of 66368?
6
What is the units digit of 2936?
6
What is the units digit of 34663?
3
What is the units digit of 1799?
9
What is the tens digit of 8630?
3
What is the thousands digit of 89904?
9
What is the thousands digit of 115958?
5
What is the tens digit of 928?
2
What is the hundreds digit of 8567?
5
What is the units digit of 11979?
9
What is the tens digit of 13236?
3
What is the tens digit of 35263?
6
What is the thousands digit of 1142?
1
What is the tens digit of 3024?
2
What is the hundreds digit of 2898?
8
What is the thousands digit of 2418?
2
What is the thousands digit of 9056?
9
What is the hundreds digit of 437?
4
What is the units digit of 10469?
9
What is the thousands digit of 8182?
8
What is the hundreds digit of 698?
6
What is the units digit of 18278?
8
What is the units digit of 18524?
4
What is the tens digit of 94?
9
What is the thousands digit of 2535?
2
What is the hundreds digit of 984?
9
What is the tens digit of 12963?
6
What is the ten thousands digit of 73707?
7
What is the hundreds digit of 333?
3
What is the units digit of 4487?
7
What is the tens digit of 6830?
3
What is the thousands digit of 1646?
1
What is the units digit of 14080?
0
What is the tens digit of 1648?
4
What is the ten thousands digit of 10833?
1
What is the units digit of 6485?
5
What is the thousands digit of 34630?
4
What is the tens digit of 294?
9
What is the tens digit of 1238?
3
What is the thousands digit of 3381?
3
What is the hundreds digit of 4724?
7
What is the units digit of 979?
9
What is the units digit of 1901?
1
What is the thousands digit of 1955?
1
What is the hundreds digit of 5146?
1
What is the units digit of 3922?
2
What is the hundreds digit of 685?
6
What is the thousands digit of 18004?
8
What is the thousands digit of 51042?
1
What is the hundreds digit of 1248?
2
What is the hundreds digit of 623?
6
What is the units digit of 46094?
4
What is the units digit of 5323?
3
What is the units digit of 2185?
5
What is the hundreds digit of 791?
7
What is the ten thousands digit of 35520?
3
What is the units digit of 2236?
6
What is the tens digit of 889?
8
What is the units digit of 3672?
2
What is the thousands digit of 1562?
1
What is the tens digit of 15111?
1
What is the hundreds digit of 258?
2
What is the hundreds digit of 14149?
1
What is the tens digit of 1502?
0
What is the thousands digit of 8930?
8
What is the units digit of 339?
9
What is the tens digit of 214?
1
What is the units digit of 24148?
8
What is the thousands digit of 46378?
6
What is the units digit of 888?
8
What is the units digit of 1413?
3
What is the units digit of 1445?
5
What is the hundreds digit of 1646?
6
What is the units digit of 1275?
5
What is the ten thousands digit of 64452?
6
What is the units digit of 2211?
1
What is the units digit of 962?
2
What is the units digit of 204?
4
What is the units digit of 845?
5
What is the units digit of 29?
9
What is the hundreds digit of 3845?
8
What is the hundreds digit of 1247?
2
What is the tens digit of 12355?
5
What is the units digit of 14638?
8
What is the units digit of 1024?
4
What is the tens digit of 9397?
9
What is the hundreds digit of 1481?
4
What is the tens digit of 1035?
3
What is the units digit of 5458?
8
What is the tens digit of 66?
6
What is the hundreds digit of 34927?
9
What is the hundreds digit of 133?
1
What is the thousands digit of 2752?
2
What is the hundreds digit of 7233?
2
What is the hundreds digit of 849?
8
What is the tens digit of 146026?
2
What is the thousands digit of 15936?
5
What is the thousands digit of 23579?
3
What is the hundreds digit of 1083?
0
What is the ten tho